 126 and 1694.
14
Calculate the greatest common factor of 84 and 36.
12
What is the highest common divisor of 658 and 350?
14
What is the highest common factor of 51 and 272?
17
Calculate the greatest common factor of 27 and 1647.
27
Calculate the highest common factor of 1837 and 297.
11
Calculate the greatest common divisor of 581 and 7.
7
What is the greatest common factor of 810 and 30?
30
Calculate the greatest common divisor of 399 and 171.
57
What is the highest common divisor of 2266 and 11?
11
Calculate the highest common divisor of 243 and 5184.
81
Calculate the highest common divisor of 1092 and 147.
21
What is the greatest common divisor of 611 and 940?
47
Calculate the highest common divisor of 48 and 3.
3
What is the highest common factor of 299 and 1334?
23
What is the highest common divisor of 323 and 19?
19
What is the greatest common divisor of 34 and 221?
17
Calculate the highest common divisor of 2241 and 83.
83
What is the greatest common divisor of 201 and 67?
67
What is the highest common factor of 6072 and 46?
46
What is the greatest common divisor of 387 and 2021?
43
Calculate the highest common factor of 20691 and 684.
171
What is the highest common factor of 55 and 935?
55
What is the highest common divisor of 25 and 21925?
25
What is the greatest common factor of 1881 and 99?
99
What is the greatest common divisor of 3 and 381?
3
Calculate the highest common divisor of 294 and 2030.
14
Calculate the highest common factor of 3776 and 59.
59
Calculate the greatest common factor of 14 and 2471.
7
Calculate the highest common factor of 105 and 42.
21
What is the highest common factor of 341 and 11?
11
Calculate the greatest common divisor of 25 and 20.
5
Calculate the greatest common factor of 1199 and 218.
109
Calculate the highest common factor of 73460 and 20.
20
What is the highest common divisor of 490 and 9506?
98
What is the greatest common factor of 54 and 288?
18
Calculate the highest common divisor of 184 and 598.
46
What is the highest common divisor of 8 and 11?
1
Calculate the greatest common divisor of 124 and 5053.
31
Calculate the greatest common divisor of 30 and 525.
15
What is the highest common divisor of 96 and 256?
32
What is the highest common factor of 3 and 83?
1
What is the greatest common factor of 216 and 24?
24
Calculate the greatest common factor of 296 and 37.
37
Calculate the greatest common divisor of 224 and 28.
28
What is the highest common divisor of 24 and 5046?
6
Calculate the greatest common divisor of 72 and 48.
24
Calculate the greatest common divisor of 322 and 70.
14
Calculate the highest common factor of 117 and 507.
39
Calculate the highest common factor of 6 and 18.
6
What is the highest common divisor of 135 and 1809?
27
Calculate the greatest common factor of 27 and 3.
3
What is the highest common factor of 216 and 72?
72
What is the highest common factor of 165 and 55?
55
Calculate the greatest common divisor of 4 and 210.
2
Calculate the highest common factor of 4161 and 1083.
57
Calculate the highest common divisor of 71 and 568.
71
What is the greatest common divisor of 210 and 546?
42
What is the greatest common divisor of 54 and 17694?
18
What is the highest common factor of 736 and 32?
32
What is the greatest common factor of 938 and 7772?
134
Calculate the greatest common factor of 576 and 128.
64
Calculate the highest common divisor of 23 and 16192.
23
What is the greatest common divisor of 114 and 38?
38
Calculate the greatest common divisor of 3700 and 100.
100
Calculate the highest common divisor of 3914 and 114.
38
Calculate the highest common factor of 464 and 58.
58
Calculate the highest common factor of 56 and 34.
2
What is the highest common divisor of 152 and 342?
38
Calculate the greatest common factor of 741 and 4218.
57
What is the greatest common divisor of 120 and 3132?
12
Calculate the greatest common divisor of 5824 and 2.
2
What is the greatest common divisor of 84 and 378?
42
What is the greatest common factor of 8 and 1636?
4
Calculate the greatest common divisor of 26 and 26.
26
What is the highest common factor of 260 and 40?
20
What is the highest common factor of 270 and 60?
30
Calculate the highest common divisor of 2114 and 14.
14
What is the greatest common divisor of 15 and 245?
5
What is the highest common divisor of 663 and 39?
39
What is the highest common divisor of 29 and 1421?
29
What is the greatest common divisor of 40 and 2608?
8
Calculate the greatest common factor of 80 and 7408.
16
What is the highest common divisor of 64 and 56?
8
Calculate the greatest common divisor of 253 and 598.
23
Calculate the greatest common factor of 2914 and 186.
62
Calculate the highest common factor of 660 and 1078.
22
Calculate the highest common divisor of 26 and 26.
26
Calculate the highest common divisor of 253 and 77.
11
What is the highest common divisor of 79 and 2291?
79
Calculate the greatest common divisor of 1491 and 189.
21
Calculate the greatest common divisor of 20 and 420.
20
What is the highest common divisor of 1183 and 14?
7
What is the highest common factor of 30 and 730?
10
What is the highest common divisor of 25250 and 404?
202
Calculate the greatest common factor of 45 and 45.
45
What is the highest common factor of 21243 and 1095?
219
What is the highest common divisor of 165 and 7095?
165
Calculate the highest common factor of 2595 and 30.
15
What is the highest common divisor of 3620 and 40?
20
Calculate the highest common factor of 196 and 4.
4
What is the greatest common factor of 460 and 80?
20
Calculate the highest common factor of 826 and 126.
14
Calculate the greatest common factor of 7049 and 133.
133
What is the highest common divisor of 26 and 39?
13
What is the greatest common divisor of 693 and 28?
7
Calculate the highest common factor of 680 and 14110.
170
What is the highest common factor of 448 and 28?
28
Calculate the greatest common divisor of 68 and 9180.
68
Calculate the highest common divisor of 3330 and 270.
90
Calculate the greatest common factor of 48 and 1808.
16
Calculate the greatest common factor of 696 and 120.
24
Calculate the highest common divisor of 38 and 38.
38
Calculate the highest common divisor of 32 and 392.
8
Calculate the highest common divisor of 130 and 10.
10
Calculate the highest common divisor of 125 and 25.
25
What is the greatest common factor of 81 and 270?
27
Calculate the highest common divisor of 497 and 2769.
71
Calculate the greatest common divisor of 52 and 884.
52
Calculate the greatest common factor of 167 and 51269.
167
Calculate the highest common factor of 4 and 54.
2
Calculate the highest common factor of 3844 and 12.
4
What is the greatest common factor of 104 and 56?
8
Calculate the greatest common divisor of 93 and 75.
3
Calculate the greatest common factor of 120 and 16620.
60
What is the highest common divisor of 13566 and 342?
114
What is the greatest common divisor of 5 and 5?
5
Calculate the highest common factor of 1988 and 266.
14
What is the greatest common factor of 8928 and 576?
288
Calculate the highest common divisor of 18 and 1737.
9
Calculate the greatest common factor of 84 and 348.
12
What is the greatest common divisor of 12 and 1248?
12
Calculate the greatest common factor of 26 and 1586.
26
What is the highest common divisor of 28 and 6?
2
Calculate the highest common divisor of 140 and 7630.
70
Calculate the greatest common factor of 3937 and 31.
31
Calculate the greatest common factor of 44 and 1804.
44
What is the greatest common factor of 63 and 161?
7
Calculate the greatest common factor of 560 and 2200.
40
Calculate the greatest common divisor of 161 and 133.
7
What is the greatest common divisor of 81 and 20817?
81
What is the greatest common factor of 32 and 1568?
32
What is the greatest common divisor of 84 and 882?
42
Calculate the highest common divisor of 40 and 24.
8
Calculate the greatest common divisor of 210 and 20.
10
Calculate the highest common divisor of 3977 and 97.
97
What is the highest common factor of 358 and 5549?
179
Calculate the highest common divisor of 33 and 627.
33
Calculate the highest common factor of 44 and 44.
44
Calculate the highest common divisor of 3232 and 8.
8
Calculate the greatest common divi